{"id":188,"date":"2016-10-13T10:39:21","date_gmt":"2016-10-13T08:39:21","guid":{"rendered":"http:\/\/wittorfer-zwergenstube.de\/?page_id=188"},"modified":"2021-08-25T08:10:12","modified_gmt":"2021-08-25T06:10:12","slug":"zusammenarbeit-mit-schulen","status":"publish","type":"page","link":"https:\/\/wittorfer-zwergenstube.de\/?page_id=188","title":{"rendered":"Zusammenarbeit mit Schulen"},"content":{"rendered":"<p>Die Kindertagesst\u00e4tte und die Schulen haben gemeinsame p\u00e4dagogische Grundlagen. Im Mittelpunkt steht die F\u00f6rderung der Pers\u00f6nlichkeit Ihres Kindes als Akteur seiner Entwicklung.<\/p>\n<p>Da eine gute Kooperation mit der Grundschule den \u00dcbergang erleichtert und eine Br\u00fccke zur anderen Form des Lernens schl\u00e4gt, arbeiten wir im Kindergarten eng mit ihnen zusammen. So kann Ihrem Kind der Wechsel vom Kindergarten leichter fallen.<\/p>\n<h6 style=\"text-align: center;\">\u201eWenn du mit anderen ein Schiff bauen willst, so beginne nicht, mit<br \/>\nihnen Holz zu sammeln, sondern wecke in ihnen die Sehnsucht nach dem gro\u00dfen weiten Meer.\u201c<\/h6>\n<h6 style=\"text-align: center;\">Antoine de Saint-Exupert<\/h6>\n","protected":false},"excerpt":{"rendered":"<p>Die Kindertagesst\u00e4tte und die Schulen haben gemeinsame p\u00e4dagogische Grundlagen. Im Mittelpunkt steht die F\u00f6rderung der Pers\u00f6nlichkeit Ihres Kindes als Akteur seiner Entwicklung. Da eine gute Kooperation mit der Grundschule den \u00dcbergang erleichtert und eine Br\u00fccke zur anderen Form des Lernens schl\u00e4gt, arbeiten wir im Kindergarten eng mit ihnen zusammen. So kann Ihrem Kind der Wechsel [&hellip;]<\/p>\n","protected":false},"author":1,"featured_media":0,"parent":0,"menu_order":0,"comment_status":"closed","ping_status":"closed","template":"","meta":{"footnotes":""},"class_list":["post-188","page","type-page","status-publish","hentry"],"_links":{"self":[{"href":"https:\/\/wittorfer-zwergenstube.de\/index.php?rest_route=\/wp\/v2\/pages\/188","targetHints":{"allow":["GET"]}}],"collection":[{"href":"https:\/\/wittorfer-zwergenstube.de\/index.php?rest_route=\/wp\/v2\/pages"}],"about":[{"href":"https:\/\/wittorfer-zwergenstube.de\/index.php?rest_route=\/wp\/v2\/types\/page"}],"author":[{"embeddable":true,"href":"https:\/\/wittorfer-zwergenstube.de\/index.php?rest_route=\/wp\/v2\/users\/1"}],"replies":[{"embeddable":true,"href":"https:\/\/wittorfer-zwergenstube.de\/index.php?rest_route=%2Fwp%2Fv2%2Fcomments&post=188"}],"version-history":[{"count":8,"href":"https:\/\/wittorfer-zwergenstube.de\/index.php?rest_route=\/wp\/v2\/pages\/188\/revisions"}],"predecessor-version":[{"id":1823,"href":"https:\/\/wittorfer-zwergenstube.de\/index.php?rest_route=\/wp\/v2\/pages\/188\/revisions\/1823"}],"wp:attachment":[{"href":"https:\/\/wittorfer-zwergenstube.de\/index.php?rest_route=%2Fwp%2Fv2%2Fmedia&parent=188"}],"curies":[{"name":"wp","href":"https:\/\/api.w.org\/{rel}","templated":true}]}}