{"id":186,"date":"2016-10-13T10:39:09","date_gmt":"2016-10-13T08:39:09","guid":{"rendered":"http:\/\/wittorfer-zwergenstube.de\/?page_id=186"},"modified":"2017-02-27T10:27:19","modified_gmt":"2017-02-27T09:27:19","slug":"zusammenarbeit-mit-eltern","status":"publish","type":"page","link":"https:\/\/wittorfer-zwergenstube.de\/?page_id=186","title":{"rendered":"Zusammenarbeit mit Eltern"},"content":{"rendered":"<p>Sie, als Eltern, sind f\u00fcr uns kompetente Erziehungspartner, die mit uns das gleiche Ziel haben: Das Beste f\u00fcr Ihr Kind.<br \/>\nWir haben Verst\u00e4ndnis und Respekt f\u00fcr die famili\u00e4re Situation und ber\u00fccksichtigen diese in unserer t\u00e4glichen Arbeit.<br \/>\nDas, was hier bei uns in der Kindertagesst\u00e4tte geschieht, machen wir durch Aush\u00e4nge, Elternabende pers\u00f6nliche Gespr\u00e4che, und vieles mehr f\u00fcr sie transparent. Uns ist es wichtig, dass sie sich gut informiert f\u00fchlen.<br \/>\nWir bieten Hilfe bei Entwicklungs- und Erziehungsschwierigkeiten an, und k\u00f6nnen Anregungen und Vorschl\u00e4ge zum Umgang mit Spielen, B\u00fcchern, Medien geben.<\/p>\n<p>Sie k\u00f6nnen bei uns nach Absprache hospitieren, um einen Kindertagesst\u00e4tten-Alltag mit zu erleben.<br \/>\nIhre Mitwirkung z.B. bei Festen oder Veranstaltungen und bestimmten p\u00e4dagogischen Themen ist erw\u00fcnscht.<br \/>\nEbenso w\u00fcnschen wir uns ein vertrauensvolles Miteinander, in dem Kritik, positiv wie negativ, ge\u00e4u\u00dfert wird.<\/p>\n<p><img loading=\"lazy\" decoding=\"async\" class=\"alignnone wp-image-199\" src=\"https:\/\/wittorfer-zwergenstube.de\/wp-content\/uploads\/2016\/10\/Zusammenarbeit_Eltern_Alex-e1476350808733.jpg\" alt=\"zusammenarbeit_eltern_alex\" width=\"138\" height=\"100\" srcset=\"https:\/\/wittorfer-zwergenstube.de\/wp-content\/uploads\/2016\/10\/Zusammenarbeit_Eltern_Alex-e1476350808733.jpg 567w, https:\/\/wittorfer-zwergenstube.de\/wp-content\/uploads\/2016\/10\/Zusammenarbeit_Eltern_Alex-e1476350808733-300x219.jpg 300w\" sizes=\"auto, (max-width: 138px) 100vw, 138px\" \/> \u00a0 \u00a0 \u00a0 \u00a0 \u00a0 \u00a0 \u00a0 \u00a0 \u00a0 \u00a0 \u00a0 \u00a0 \u00a0 \u00a0 \u00a0 \u00a0 \u00a0 \u00a0 \u00a0 \u00a0 \u00a0 \u00a0 \u00a0 \u00a0 \u00a0 \u00a0 \u00a0 \u00a0 \u00a0 \u00a0 \u00a0 \u00a0 \u00a0 \u00a0 \u00a0 \u00a0 \u00a0 \u00a0 \u00a0 \u00a0 \u00a0 \u00a0 \u00a0 \u00a0 \u00a0 \u00a0 \u00a0\u00a0 <img loading=\"lazy\" decoding=\"async\" class=\"alignnone wp-image-200\" src=\"https:\/\/wittorfer-zwergenstube.de\/wp-content\/uploads\/2016\/10\/Zusammenarbeit_Eltern_Lisa-e1476350834390.jpg\" alt=\"zusammenarbeit_eltern_lisa\" width=\"137\" height=\"100\" srcset=\"https:\/\/wittorfer-zwergenstube.de\/wp-content\/uploads\/2016\/10\/Zusammenarbeit_Eltern_Lisa-e1476350834390.jpg 704w, https:\/\/wittorfer-zwergenstube.de\/wp-content\/uploads\/2016\/10\/Zusammenarbeit_Eltern_Lisa-e1476350834390-300x219.jpg 300w, https:\/\/wittorfer-zwergenstube.de\/wp-content\/uploads\/2016\/10\/Zusammenarbeit_Eltern_Lisa-e1476350834390-624x456.jpg 624w\" sizes=\"auto, (max-width: 137px) 100vw, 137px\" \/><\/p>\n<p style=\"text-align: center;\"><strong><em><span style=\"color: #008000;\">&#8222;Zusammenkommen ist ein Beginn,<br \/>\nZusammenbleiben ist ein Fortschritt,<br \/>\nZusammenarbeiten ist ein Erfolg.&#8220;<\/span><\/em><\/strong><\/p>\n<p style=\"text-align: center;\"><span style=\"color: #008000;\">Henry Ford<\/span><\/p>\n","protected":false},"excerpt":{"rendered":"<p>Sie, als Eltern, sind f\u00fcr uns kompetente Erziehungspartner, die mit uns das gleiche Ziel haben: Das Beste f\u00fcr Ihr Kind. Wir haben Verst\u00e4ndnis und Respekt f\u00fcr die famili\u00e4re Situation und ber\u00fccksichtigen diese in unserer t\u00e4glichen Arbeit. Das, was hier bei uns in der Kindertagesst\u00e4tte geschieht, machen wir durch Aush\u00e4nge, Elternabende pers\u00f6nliche Gespr\u00e4che, und vieles mehr [&hellip;]<\/p>\n","protected":false},"author":1,"featured_media":0,"parent":0,"menu_order":0,"comment_status":"closed","ping_status":"closed","template":"","meta":{"footnotes":""},"class_list":["post-186","page","type-page","status-publish","hentry"],"_links":{"self":[{"href":"https:\/\/wittorfer-zwergenstube.de\/index.php?rest_route=\/wp\/v2\/pages\/186","targetHints":{"allow":["GET"]}}],"collection":[{"href":"https:\/\/wittorfer-zwergenstube.de\/index.php?rest_route=\/wp\/v2\/pages"}],"about":[{"href":"https:\/\/wittorfer-zwergenstube.de\/index.php?rest_route=\/wp\/v2\/types\/page"}],"author":[{"embeddable":true,"href":"https:\/\/wittorfer-zwergenstube.de\/index.php?rest_route=\/wp\/v2\/users\/1"}],"replies":[{"embeddable":true,"href":"https:\/\/wittorfer-zwergenstube.de\/index.php?rest_route=%2Fwp%2Fv2%2Fcomments&post=186"}],"version-history":[{"count":7,"href":"https:\/\/wittorfer-zwergenstube.de\/index.php?rest_route=\/wp\/v2\/pages\/186\/revisions"}],"predecessor-version":[{"id":625,"href":"https:\/\/wittorfer-zwergenstube.de\/index.php?rest_route=\/wp\/v2\/pages\/186\/revisions\/625"}],"wp:attachment":[{"href":"https:\/\/wittorfer-zwergenstube.de\/index.php?rest_route=%2Fwp%2Fv2%2Fmedia&parent=186"}],"curies":[{"name":"wp","href":"https:\/\/api.w.org\/{rel}","templated":true}]}}