{"id":1546,"date":"2020-04-03T11:08:50","date_gmt":"2020-04-03T09:08:50","guid":{"rendered":"http:\/\/wittorfer-zwergenstube.de\/?page_id=1546"},"modified":"2020-07-28T08:35:08","modified_gmt":"2020-07-28T06:35:08","slug":"zur-zeit-ist-alles-anders","status":"publish","type":"page","link":"https:\/\/wittorfer-zwergenstube.de\/?page_id=1546","title":{"rendered":"Zur Zeit ist alles anders&#8230;"},"content":{"rendered":"\n<p><strong>Ende<\/strong> <strong>Juli 2020<\/strong><\/p>\n\n\n\n<p>Wir starten wieder am 17.8.2020 und freuen uns dann auf ein hoffentlich \u201eCorona-freies\u201c Kitajahr!<br>Nach den Sommerferien starten wir wieder in den Regelbetrieb. Die Masken- und Dokumentationspflicht wird bleiben, aber ansonsten l\u00e4uft alles wieder wie gewohnt.<\/p>\n\n\n\n<p><strong>Juli 2020<\/strong><\/p>\n\n\n\n<p>Auch wenn die Kitas wieder ge\u00f6ffnet haben, l\u00e4uft trotzdem noch sehr viel anders als sonst. Wir freuen uns, unsere Kinder wieder in den Gruppen begr\u00fc\u00dfen zu d\u00fcrfen. <br>Nach so einer langen Zeit ohne Krippe, Kindergarten und Hort m\u00fcssen sich die Kinder nat\u00fcrlich erst einmal wieder an alles gew\u00f6hnen. Und vorallem mit manch einer \u00c4nderung, die es vorher so nicht gab. Eltern mit Mundschutz, die gro\u00dfen gehen den Weg alleine von der Pforte zur Gruppe, die Gruppen untereinander spielen nicht miteinander&#8230; Auch wenn einiges anders ist, die Kinder meistern dieses super. Wir sind total stolz darauf, wie klasse die Kinder das alles mitmachen und mit was f\u00fcr einer Selbstverst\u00e4ndlichkeit sie dieses umsetzen und verstehen. <\/p>\n\n\n\n<p><strong>M\u00e4rz 2020<\/strong><\/p>\n\n\n\n<p>Zur Zeit l\u00e4uft alles anders als man denkt.<br>Die Kitas haben geschlossen und eure Kinder m\u00fcssen Zuhause betreut werden. Wir hoffen, dass das Kontaktverbot demn\u00e4chst wieder aufgehoben wird und uns der normale Alltag wieder begegnet. Wir vermissen unsere Kita Kinder alle sehr, nutzen die Zeit aber auch um einiges zu schaffen. Hier einmal ein kleiner Einblick f\u00fcr euch, was wir alles tun. Wir sitzen n\u00e4mlich nicht unn\u00fctz rum \ud83d\ude09<br>Wir bringen unsere Au\u00dfengel\u00e4nde auf Vordermann und entlasten so unsere Bauhofmitarbeiter.<br>Wir arbeiten liegengebliebende Unterlagen auf<br>Wir basteln f\u00fcr das n\u00e4chste Kita Jahr (was wir sonst nebenbei in den Bereitschaftsdiensten tun)<br>Wir sortieren das Spielzeug und bringen unsere Gruppenr\u00e4ume auf Vordermann, damit wir wieder gemeinsam z.B. mit anderem Spielzeug starten k\u00f6nnen<br>Wir machen Videos, Sprachnachrichten f\u00fcr unsere Kinder, um so noch Kontakt zu haben<br>Wir machen uns Gedanken \u00fcber unser Qualit\u00e4tsmanagement<br>Wir sammeln Ideen f\u00fcr unsere digitale Kita Zeitung<br>Wir unterst\u00fctzen unsere Stadt, als unseren Arbeitsgeber, indem wir M\u00fcllsammeln, Einkaufsdienste anbieten, usw.<\/p>\n\n\n\n<p>Hier gelangt ihr zu unserer digitalen Kita Zeitung<br><a href=\"https:\/\/wittorfer-zwergenstube.de\/?page_id=1553\">digitale Kita Zeitung<\/a><\/p>\n\n\n\n<p><\/p>\n\n\n\n<p><br><a href=\"https:\/\/wittorfer-zwergenstube.de\/?page_id=1553\"><\/a><\/p>\n","protected":false},"excerpt":{"rendered":"<p>Ende Juli 2020 Wir starten wieder am 17.8.2020 und freuen uns dann auf ein hoffentlich \u201eCorona-freies\u201c Kitajahr!Nach den Sommerferien starten wir wieder in den Regelbetrieb. Die Masken- und Dokumentationspflicht wird bleiben, aber ansonsten l\u00e4uft alles wieder wie gewohnt. Juli 2020 Auch wenn die Kitas wieder ge\u00f6ffnet haben, l\u00e4uft trotzdem noch sehr viel anders als sonst. [&hellip;]<\/p>\n","protected":false},"author":1,"featured_media":0,"parent":0,"menu_order":0,"comment_status":"closed","ping_status":"closed","template":"","meta":{"footnotes":""},"class_list":["post-1546","page","type-page","status-publish","hentry"],"_links":{"self":[{"href":"https:\/\/wittorfer-zwergenstube.de\/index.php?rest_route=\/wp\/v2\/pages\/1546","targetHints":{"allow":["GET"]}}],"collection":[{"href":"https:\/\/wittorfer-zwergenstube.de\/index.php?rest_route=\/wp\/v2\/pages"}],"about":[{"href":"https:\/\/wittorfer-zwergenstube.de\/index.php?rest_route=\/wp\/v2\/types\/page"}],"author":[{"embeddable":true,"href":"https:\/\/wittorfer-zwergenstube.de\/index.php?rest_route=\/wp\/v2\/users\/1"}],"replies":[{"embeddable":true,"href":"https:\/\/wittorfer-zwergenstube.de\/index.php?rest_route=%2Fwp%2Fv2%2Fcomments&post=1546"}],"version-history":[{"count":8,"href":"https:\/\/wittorfer-zwergenstube.de\/index.php?rest_route=\/wp\/v2\/pages\/1546\/revisions"}],"predecessor-version":[{"id":1682,"href":"https:\/\/wittorfer-zwergenstube.de\/index.php?rest_route=\/wp\/v2\/pages\/1546\/revisions\/1682"}],"wp:attachment":[{"href":"https:\/\/wittorfer-zwergenstube.de\/index.php?rest_route=%2Fwp%2Fv2%2Fmedia&parent=1546"}],"curies":[{"name":"wp","href":"https:\/\/api.w.org\/{rel}","templated":true}]}}

<p><strong>Ende</strong> <strong>Juli 2020</strong></p>



<p>Wir starten wieder am 17.8.2020 und freuen uns dann auf ein hoffentlich „Corona-freies“ Kitajahr!<br>Nach den Sommerferien starten wir wieder in den Regelbetrieb. Die Masken- und Dokumentationspflicht wird bleiben, aber ansonsten läuft alles wieder wie gewohnt.</p>



<p><strong>Juli 2020</strong></p>



<p>Auch wenn die Kitas wieder geöffnet haben, läuft trotzdem noch sehr viel anders als sonst. Wir freuen uns, unsere Kinder wieder in den Gruppen begrüßen zu dürfen. <br>Nach so einer langen Zeit ohne Krippe, Kindergarten und Hort müssen sich die Kinder natürlich erst einmal wieder an alles gewöhnen. Und vorallem mit manch einer Änderung, die es vorher so nicht gab. Eltern mit Mundschutz, die großen gehen den Weg alleine von der Pforte zur Gruppe, die Gruppen untereinander spielen nicht miteinander&#8230; Auch wenn einiges anders ist, die Kinder meistern dieses super. Wir sind total stolz darauf, wie klasse die Kinder das alles mitmachen und mit was für einer Selbstverständlichkeit sie dieses umsetzen und verstehen. </p>



<p><strong>März 2020</strong></p>



<p>Zur Zeit läuft alles anders als man denkt.<br>Die Kitas haben geschlossen und eure Kinder müssen Zuhause betreut werden. Wir hoffen, dass das Kontaktverbot demnächst wieder aufgehoben wird und uns der normale Alltag wieder begegnet. Wir vermissen unsere Kita Kinder alle sehr, nutzen die Zeit aber auch um einiges zu schaffen. Hier einmal ein kleiner Einblick für euch, was wir alles tun. Wir sitzen nämlich nicht unnütz rum 😉<br>Wir bringen unsere Außengelände auf Vordermann und entlasten so unsere Bauhofmitarbeiter.<br>Wir arbeiten liegengebliebende Unterlagen auf<br>Wir basteln für das nächste Kita Jahr (was wir sonst nebenbei in den Bereitschaftsdiensten tun)<br>Wir sortieren das Spielzeug und bringen unsere Gruppenräume auf Vordermann, damit wir wieder gemeinsam z.B. mit anderem Spielzeug starten können<br>Wir machen Videos, Sprachnachrichten für unsere Kinder, um so noch Kontakt zu haben<br>Wir machen uns Gedanken über unser Qualitätsmanagement<br>Wir sammeln Ideen für unsere digitale Kita Zeitung<br>Wir unterstützen unsere Stadt, als unseren Arbeitsgeber, indem wir Müllsammeln, Einkaufsdienste anbieten, usw.</p>



<p>Hier gelangt ihr zu unserer digitalen Kita Zeitung<br><a href="https://wittorfer-zwergenstube.de/?page_id=1553">digitale Kita Zeitung</a></p>



<p></p>



<p><br><a href="https://wittorfer-zwergenstube.de/?page_id=1553"></a></p>

<p>Ende Juli 2020 Wir starten wieder am 17.8.2020 und freuen uns dann auf ein hoffentlich „Corona-freies“ Kitajahr!Nach den Sommerferien starten wir wieder in den Regelbetrieb. Die Masken- und Dokumentationspflicht wird bleiben, aber ansonsten läuft alles wieder wie gewohnt. Juli 2020 Auch wenn die Kitas wieder geöffnet haben, läuft trotzdem noch sehr viel anders als sonst. [&hellip;]</p>
